ive n(82).
11
Let a(p) = -p**2 + 32*p + 365. Give a(41).
-4
Let w(b) = -80*b**3 - 2*b**2 - b. What is w(-1)?
79
Let g(f) = 13*f + 1. Calculate g(-10).
-129
Let q(x) = -161*x**3 - 2*x**2 + 69*x + 68. Give q(-1).
158
Let k(i) = -22*i - 303. Determine k(-14).
5
Let g(k) = -1021*k - 40828. Determine g(-40).
12
Let v(p) = -137*p**2 - 820*p - 15. What is v(-6)?
-27
Let y(j) = -2*j + 109. Determine y(0).
109
Let k(d) = -61*d + 694. Calculate k(11).
23
Let t(u) = -2*u**3 + 108*u**2 - 106*u - 97. Give t(53).
-97
Let a(h) = -1216*h + 872. Determine a(1).
-344
Let v(m) = 5*m + 170. Determine v(-37).
-15
Let t(d) = 16*d - 215. Give t(0).
-215
Let l(c) = 44*c - 15. Calculate l(1).
29
Let z(m) = 15*m + 37. What is z(5)?
112
Let u(h) = 3079*h + 18469. Give u(-6).
-5
Let r(k) = 105*k**2 + 11*k - 32. Give r(1).
84
Let u(m) = 2*m**3 - 63*m**2 + 87*m + 80. Calculate u(30).
-10
Let u(y) = y**2 + 281*y + 1921. Give u(-7).
3
Let a(v) = 2*v**2 + 2*v - 19. Give a(0).
-19
Let g(b) = 193*b + 6567. What is g(-34)?
5
Let z(i) = 4*i**2 + 70*i - 58. What is z(-19)?
56
Let n(x) = 11*x**3 + 559*x**2 - 107*x - 6. What is n(-51)?
249
Let c(a) = 60*a + 893. Determine c(-15).
-7
Let d(v) = -v**2 - 20*v + 376. What is d(-32)?
-8
Let y(k) = -5*k**2 + 47*k - 259. Determine y(6).
-157
Let z(d) = 120*d - 265. Calculate z(-2).
-505
Let w(n) = 9*n**2 - 18*n + 22. Give w(4).
94
Let d(a) = -a**2 + 351*a - 4723. What is d(14)?
-5
Let i(a) = 16*a - 220. Determine i(19).
84
Let k(y) = -y**2 + 34*y + 608. Give k(-13).
-3
Let f(i) = 2396*i - 7165. Give f(3).
23
Let p(w) = -856*w + 132685. Calculate p(155).
5
Let c(s) = 44*s - 510. Determine c(18).
282
Let g(m) = 2*m**3 + 16*m**2 + 20*m - 57. What is g(-5)?
-7
Let n(t) = -232*t - 1258. Give n(-6).
134
Let w(q) = -167*q**2 - 5*q. What is w(-1)?
-162
Let k(i) = -4*i**2 - 60*i + 10. Give k(-14).
66
Let z(v) = v**2 - 231*v + 673. Give z(3).
-11
Let g(d) = 232*d + 10895. Give g(-47).
-9
Let n(k) = 252*k - 1525. Determine n(6).
-13
Let c(a) = 275*a + 3026. What is c(-11)?
1
Let a(v) = 145*v + 3869. What is a(-26)?
99
Let c(v) = -4*v**2 + 422*v - 10522. What is c(65)?
8
Let k(h) = h**2 - 15*h + 53. Determine k(8).
-3
Let v(k) = -k**2 - 71*k - 1210. Give v(-38).
44
Let l(k) = -4*k + 5. Calculate l(-38).
157
Let u(f) = -66*f + 351. Determine u(4).
87
Let m(j) = -j**3 - 49*j**2 + 68*j + 895. Calculate m(-50).
-5
Let b(z) = 17*z - 156. Calculate b(10).
14
Let y(o) = 14*o**2 + 294*o - 33. Give y(-21).
-33
Let m(a) = 10*a**2 - 5*a + 9. Calculate m(4).
149
Let y(h) = 2*h**3 - 55*h**2 + 33*h + 6. What is y(27)?
168
Let s(f) = -3*f**3 - 22*f**2 - 73*f - 1. Calculate s(-4).
131
Let o(f) = 3*f**3 + 130*f**2 + 42*f - 57. Give o(-43).
-14
Let z(q) = -q**3 - 36*q**2 + 35*q + 20. Give z(-37).
94
Let m(s) = -7*s - 20. Calculate m(-7).
29
Let q(r) = -r**2 + 43*r - 78. Determine q(44).
-122
Let i(y) = 170*y + 226. Calculate i(0).
226
Let d(h) = -4487*h + 237808. Determine d(53).
-3
Let o(m) = 630*m + 5040. Give o(-8).
0
Let i(l) = -2*l**3 - 16*l**2 + 42*l - 9. Calculate i(-11).
255
Let v(i) = 7*i**2 - 52*i + 113. Calculate v(6).
53
Let o(g) = 2*g**2 - 166*g + 1065. Determine o(7).
1
Let v(x) = -280*x - 1387. Determine v(-5).
13
Let i(g) = -415*g + 5829. What is i(14)?
19
Let y(q) = -2*q**3 + q**2 + 5*q - 8. Calculate y(0).
-8
Let y(v) = v**2 - 255*v + 4189. Calculate y(17).
143
Let c(m) = m**3 + 12*m**2 + 4*m - 9. Give c(-8).
215
Let b(r) = -r**2 - 11*r - 102. What is b(-13)?
-128
Let z(i) = 8*i**3 + 3*i**2 - 32*i + 4. What is z(2)?
16
Let c(m) = m**2 + 191*m + 4157. Calculate c(-166).
7
Let l(a) = 10*a**3 - 61*a**2 + 8*a + 6. Give l(6).
18
Let z(y) = y**3 - 16*y**2 + 18*y - 79. Calculate z(17).
516
Let r(t) = 2*t**2 - 454*t + 1335. Calculate r(3).
-9
Let h(b) = -21*b + 85. Calculate h(9).
-104
Let p(f) = 478*f - 3629. Give p(7).
-283
Let r(g) = -13*g + 616. Give r(75).
-359
Let q(k) = k**3 - 4*k**2 + 71*k - 700. Determine q(7).
-56
Let w(b) = -245*b + 6141. Calculate w(25).
16
Let w(o) = 2*o + 53. What is w(-11)?
31
Let x(u) = -24*u - 160. Give x(-10).
80
Let y(t) = t**3 - 83*t**2 - 171*t - 4. Give y(-2).
-2
Let c(n) = -n**2 - 35*n + 4799. What is c(54)?
-7
Let u(f) = f**2 - 32*f - 21. Determine u(0).
-21
Let h(v) = v**3 - 7*v**2 - 915*v + 10263. Determine h(12).
3
Let z(w) = 33*w**2 - 6565*w - 403. Calculate z(199).
-5
Let y(d) = d**3 - 17*d**2 - 13*d - 3. Calculate y(17).
-224
Let f(x) = x**3 - 2*x**2 - 12*x - 6. Determine f(6).
66
Let a(x) = -57*x + 184. Give a(3).
13
Let l(w) = 2*w**3 - 51*w**2 - 22*w - 117. What is l(26)?
-13
Let h(g) = 14*g + 358. Determine h(-6).
274
Let v(u) = -u**3 + 38*u**2 + u + 33. Determine v(38).
71
Let a(p) = 151*p + 83. What is a(2)?
385
Let t(s) = -80*s - 536. Calculate t(-7).
24
Let y(l) = -27*l**2 - 86*l - 42. Determine y(-4).
-130
Let b(n) = 353*n + 349. Give b(-1).
-4
Let u(x) = -2*x**2 - 66*x + 464. Calculate u(-41).
-192
Let z(u) = u**3 - 4*u**2 + 21*u - 83. Give z(4).
1
Let w(r) = r**3 + 44*r**2 + 117*r + 53. Calculate w(-41).
299
Let k(p) = -45*p - 2471. Give k(-55).
4
Let b(w) = 9*w**2 + 112*w - 17. What is b(-11)?
-160
Let l(o) = -72*o**2 - 2*o - 3. Calculate l(1).
-77
Let k(g) = 12*g**2 - 95*g - 115. Give k(9).
2
Let w(p) = -p**2 + 14*p + 136. Determine w(-11).
-139
Let g(i) = -i**3 - 34*i**2 - 362*i - 1232. What is g(-9)?
1
Let y(g) = -g**2 + 22*g - 23. Determine y(19).
34
Let q(j) = 3*j**3 - 7*j**2 - 15*j + 18. Give q(3).
-9
Let u(q) = 7*q**2 + 104*q + 267. Give u(-3).
18
Let f(y) = -2*y**3 - 36*y**2 - 5*y + 505. Determine f(-17).
12
Let r(i) = 56*i + 2367. Give r(-43).
-41
Let s(b) = -3*b**2 + 250*b - 2738. Determine s(13).
5
Let i(a) = 7*a**3 - 12*a**2 + 6*a - 7. What is i(2)?
13
Let x(d) = 22*d**2 - d + 21. Give x(-2).
111
Let l(z) = -241*z - 1690. Give l(-7).
-3
Let a(c) = -c**3 + 40*c**2 + 3826*c - 75. What is a(85)?
10
Let o(c) = -115*c + 437. Give o(5).
-138
Let s(j) = j**2 - 42*j + 139. Give s(30).
-221
Let x(w) = w**3 + 7*w**2 - 466*w - 2359. Calculate x(-5).
21
Let r(b) = -448*b + 9465. Determine r(21).
57
Let k(g) = 3*g**2 + 198*g + 2576. Calculate k(-18).
-16
Let f(k) = k**3 - 8*k**2 - 20*k - 24. Calculate f(10).
-24
Let n(a) = 140*a**2 - 2094*a - 96. Calculate n(15).
-6
Let x(s) = -2*s**3 - 138*s**2 - 140*s + 45. Determine x(-68).
317
Let v(n) = -6*n**2 + 47*n + 23. Give v(11).
-186
Let c(t) = -10*t**3 + 100*t**2 + t - 29. Give c(10).
-19
Let z(q) = -q**3 + 37*q**2 + 123*q - 117. What is z(40)?
3
Let v(n) = -3*n**2 + 30*n - 67. Give v(2).
-19
Let s(r) = 15*r - 91. Calculate s(8).
29
Let r(m) = 2*m**2 - 26*m + 351. Calculate r(19).
579
Let w(p) = p**3 + 32*p**2 + 7*p - 760. Give w(-31).
-16
Let h(f) = 667*f - 2692. Give h(4).
-24
Let v(m) = 62*m + 1966. Give v(-27).
292
Let u(t) = -13*t + 415. What is u(33)?
-14
Let r(f) = 23*f**2 - 830*f - 42. Give r(36).
-114
Let x(l) = -16*l - 67. Give x(6).
-163
Let n(u) = 4*u**2 - 12*u + 97. Determine n(7).
209
Let n(f) = -f**3 - 10*f**2 - 48*f - 131. Determine n(-5).
-16
Let h(w) = -377*w + 1108. Calculate h(3).
-23
Let m(h) = -5*h**3 + 6*h**2 + 5*h + 6. Give m(-2).
60
Let x(w) = w**3 - 4*w**2 - 9*w + 37. Calculate x(5).
17
Let t(x) = -3*x**2 + 196*x - 1415. Calculate t(8).
-39
Let m(s) = 186*s - 3465. Calculate m(18).
-117
Let l(t) = t**3 - 7*t**2 - 18*t + 29. Give l(-3).
-7
Let l(x) = -x**3 - 37*x**2 - 8*x - 290. Calculate l(-37).
6
Let i(h) = -915*h + 59487. Determine i(65).
12
Let g(p) = -59*p - 296. Give g(19).
-1417
Let l(g) = g**2 - 47*g + 231. What is l(6)?
-15
Let m(w) = 1202*w + 15617. Determine m(-13).
-9
Let b(g) = -378*g + 4541. Calculate b(12).
5
Let v(r) = 312*r - 4692. Calculate v(15).
-12
Let l(c) = c**3 - 23*c**2 - 518*c - 6. Determine l(37).
-6
Let o(p) = -p**2 + 16*p + 686. Give o(39).
-211
Let t(b) = -b**3 - 42*b**2 + 293*b + 175. What is t(-48)?
-65
Let u(t) = -358*t + 3932. What is u(11)?
-6
Let v(n) = 88*n + 1061. Determine v(-11).
93
Let f(s) = -s**3 - 184*s**2 + 1557*s + 4031. Calculate f(-192).
-1
Let z(t) = -9*t**2 + 655*t + 151. What is z(73)?
5
Let f(a) = -2*a**3 - 6*a**2 - 2*a - 4. What is f(-3)?
2
Let p(b) = 5*b**2 - 28*b - 204. Calculate p(-6).
144
Let s(g) = 2*g**3 + 24*g**2 + 165*g + 1579. Calculate s(-11).
6
Let w(h) = 3*h**2 + 12*h - 1445. Calculate w(20).
-5
Let s(l) = 2*l**2 - 43*l + 167. Give s(5).
2
Let n(r) = -58*r + 1520. 